n 91912 is divided by 30585.
157
Calculate the remainder when 1168721 is divided by 68744.
73
What is the remainder when 2652650 is divided by 54?
8
What is the remainder when 1331032 is divided by 141?
133
Calculate the remainder when 6489356 is divided by 348.
200
What is the remainder when 561722 is divided by 3189?
458
Calculate the remainder when 1776699 is divided by 50.
49
What is the remainder when 865693 is divided by 23397?
4
Calculate the remainder when 1175684 is divided by 12777.
200
Calculate the remainder when 1466791 is divided by 11323.
6124
Calculate the remainder when 129079 is divided by 1779.
991
Calculate the remainder when 56364367 is divided by 3921.
3913
What is the remainder when 1178746 is divided by 975?
946
What is the remainder when 3999286 is divided by 999816?
22
Calculate the remainder when 6880553 is divided by 163.
160
What is the remainder when 246810464 is divided by 591?
590
Calculate the remainder when 1063005757 is divided by 91.
86
What is the remainder when 16605845 is divided by 1928?
1909
What is the remainder when 4110204 is divided by 134?
22
Calculate the remainder when 88784866 is divided by 372.
370
What is the remainder when 86302 is divided by 5068?
146
What is the remainder when 15331756 is divided by 7004?
0
Calculate the remainder when 774658 is divided by 12.
10
What is the remainder when 47012298 is divided by 15670733?
99
Calculate the remainder when 1433751 is divided by 6155.
5791
What is the remainder when 54517331 is divided by 164?
123
What is the remainder when 230156335 is divided by 12157?
11
What is the remainder when 31353 is divided by 7725?
453
Calculate the remainder when 161789137 is divided by 9.
7
What is the remainder when 116245 is divided by 2233?
129
What is the remainder when 238718199 is divided by 196?
195
Calculate the remainder when 106405 is divided by 10482.
1585
Calculate the remainder when 112555 is divided by 7502.
25
What is the remainder when 1783429 is divided by 445845?
49
What is the remainder when 19483 is divided by 1885?
633
Calculate the remainder when 66614 is divided by 501.
482
What is the remainder when 486171 is divided by 16203?
81
What is the remainder when 177129 is divided by 91?
43
Calculate the remainder when 267775205 is divided by 373.
370
What is the remainder when 71230 is divided by 1484?
1482
What is the remainder when 19764 is divided by 737?
602
What is the remainder when 278810471 is divided by 40?
31
Calculate the remainder when 8214 is divided by 8013.
201
Calculate the remainder when 1840495501 is divided by 1048.
1045
Calculate the remainder when 114124 is divided by 4438.
3174
Calculate the remainder when 492511 is divided by 478004.
14507
What is the remainder when 26415562 is divided by 1099?
1097
Calculate the remainder when 36097413 is divided by 128005.
3
Calculate the remainder when 1437204 is divided by 2228.
144
What is the remainder when 7759695 is divided by 775968?
15
What is the remainder when 3962620 is divided by 9618?
4
Calculate the remainder when 573551 is divided by 24.
23
What is the remainder when 9112 is divided by 48?
40
What is the remainder when 128555 is divided by 2382?
2309
What is the remainder when 522387386 is divided by 2227?
2223
What is the remainder when 215451 is divided by 111?
0
Calculate the remainder when 12472976 is divided by 14.
12
What is the remainder when 1460332 is divided by 3979?
39
Calculate the remainder when 56842812 is divided by 36.
0
What is the remainder when 19469 is divided by 1681?
978
What is the remainder when 5607766 is divided by 2087?
2084
Calculate the remainder when 5717131 is divided by 5717096.
35
Calculate the remainder when 291907 is divided by 9687.
1297
What is the remainder when 63041654 is divided by 215?
214
Calculate the remainder when 16724911 is divided by 1393742.
7
Calculate the remainder when 1640432 is divided by 6458.
100
Calculate the remainder when 504709 is divided by 663.
166
Calculate the remainder when 1034820368 is divided by 9890.
9888
What is the remainder when 121597 is divided by 2582?
243
What is the remainder when 322598 is divided by 278?
118
Calculate the remainder when 76166 is divided by 25322.
200
What is the remainder when 7497542 is divided by 89?
4
Calculate the remainder when 86524 is divided by 1811.
1407
Calculate the remainder when 7028504 is divided by 2789.
224
What is the remainder when 8228 is divided by 45?
38
Calculate the remainder when 4237956 is divided by 24079.
52
What is the remainder when 1170007 is divided by 167132?
83
Calculate the remainder when 324270 is divided by 73.
4
Calculate the remainder when 5125201 is divided by 847.
4
What is the remainder when 6929502 is divided by 487?
466
Calculate the remainder when 140438 is divided by 35102.
30
What is the remainder when 6934589 is divided by 66?
35
Calculate the remainder when 7253103 is divided by 454.
453
What is the remainder when 3397883 is divided by 1664?
1659
Calculate the remainder when 760842 is divided by 3690.
702
What is the remainder when 35984 is divided by 2694?
962
Calculate the remainder when 5295924 is divided by 1765258.
150
Calculate the remainder when 961021 is divided by 254.
139
What is the remainder when 8856496 is divided by 984054?
10
What is the remainder when 594112 is divided by 1121?
1103
What is the remainder when 243650 is divided by 1227?
704
Calculate the remainder when 1960955 is divided by 3003.
2999
What is the remainder when 5227780 is divided by 21692?
8
Calculate the remainder when 3683130 is divided by 1841564.
2
What is the remainder when 157083 is divided by 26147?
201
What is the remainder when 4459039 is divided by 310?
309
What is the remainder when 2594870 is divided by 1418?
1348
What is the remainder when 319042 is divided by 2844?
514
Calculate the remainder when 6217470 is divided by 69.
18
Calculate the remainder when 436417 is divided by 491.
409
Calculate the remainder when 158746 is divided by 1442.
126
What is the remainder when 21844 is divided by 6711?
1711
What is the remainder when 3241958 is divided by 1130?
1118
What is the remainder when 19343012 is divided by 223?
215
What is the remainder when 202320 is divided by 121?
8
Calculate the remainder when 7004239 is divided by 113.
47
Calculate the remainder when 158152 is divided by 158132.
20
Calculate the remainder when 33448 is divided by 11010.
418
What is the remainder when 1760785 is divided by 33861?
13
Calculate the remainder when 16135 is divided by 4127.
3754
Calculate the remainder when 5454818 is divided by 14.
12
Calculate the remainder when 2295628 is divided by 150.
28
What is the remainder when 71002146 is divided by 1334?
1330
What is the remainder when 24900474 is divided by 288?
282
Calculate the remainder when 1399621 is divided by 107660.
41
Calculate the remainder when 155861 is divided by 556.
181
What is the remainder when 17801 is divided by 35?
21
What is the remainder when 7219325 is divided by 257833?
1
Calculate the remainder when 27535595 is divided by 1140.
35
What is the remainder when 163831 is divided by 114?
13
Calculate the remainder when 689335 is divided by 1060.
335
What is the remainder when 44738 is divided by 6434?
6134
What is the remainder when 9141282 is divided by 111479?
4
Calculate the remainder when 19870 is divided by 885.
400
Calculate the remainder when 185303 is divided by 14027.
2952
Calculate the remainder when 112845 is divided by 18583.
1347
Calculate the remainder when 16644 is divided by 10957.
5687
What is the remainder when 22094404 is divided by 328?
324
Calculate the remainder when 13703995 is divided by 1219.
1216
Calculate the remainder when 840663 is divided by 109.
55
What is the remainder when 15107793 is divided by 1458?
1455
What is the remainder when 10280 is divided by 9?
2
What is the remainder when 3623406 is divided by 172540?
66
What is the remainder when 42590367 is divided by 5?
2
What is the remainder when 10936867 is divided by 617?
542
What is the remainder when 2980619 is divided by 425801?
12
Calculate the remainder when 20115330 is divided by 320.
130
Calculate the remainder when 4584287 is divided by 3.
2
Calculate the remainder when 10196205 is divided b